 common divisor of 8192415 and 693.
231
Calculate the highest common factor of 162 and 1993812894.
162
Calculate the greatest common divisor of 158389150 and 16400.
2050
What is the greatest common factor of 1628 and 163022?
74
Calculate the highest common divisor of 174048 and 9179856.
2352
Calculate the highest common divisor of 1524 and 40767.
381
Calculate the greatest common factor of 126 and 101861452.
14
What is the greatest common factor of 15 and 6760670?
5
Calculate the greatest common factor of 2368 and 768568.
8
What is the highest common divisor of 390210 and 42?
6
What is the highest common divisor of 149607 and 61?
1
What is the highest common factor of 1884623 and 243919?
377
Calculate the greatest common divisor of 126249448 and 4548.
1516
Calculate the greatest common divisor of 82509856 and 4056.
1352
What is the greatest common divisor of 789360 and 173121?
897
What is the greatest common factor of 433356 and 2462691?
1617
What is the greatest common factor of 3206350 and 2600?
50
Calculate the highest common factor of 1430 and 12742510.
110
Calculate the greatest common divisor of 258 and 16457949.
129
Calculate the highest common factor of 275769958 and 41620.
4162
Calculate the greatest common factor of 9234 and 135108.
486
Calculate the highest common divisor of 14 and 129280928.
14
Calculate the greatest common factor of 253 and 378631.
11
Calculate the greatest common factor of 141129 and 4834975.
5227
Calculate the greatest common factor of 17651 and 57209.
19
Calculate the highest common factor of 77690 and 18530.
170
Calculate the greatest common divisor of 2002 and 25388.
22
What is the greatest common factor of 2247 and 2641937?
107
What is the highest common factor of 4806993 and 30567?
1329
Calculate the highest common divisor of 19771 and 3849072.
17
Calculate the greatest common divisor of 47 and 43404923.
47
What is the greatest common factor of 667 and 38303809?
667
Calculate the greatest common divisor of 271751080 and 1858.
1858
What is the highest common factor of 7832 and 259880?
712
What is the highest common factor of 43968320 and 2035?
55
Calculate the highest common factor of 48268916 and 1198228.
17884
Calculate the highest common divisor of 511400 and 15592586.
5114
What is the highest common factor of 941280 and 876?
12
Calculate the highest common factor of 4122162 and 218.
218
Calculate the greatest common divisor of 81396 and 99892044.
4788
Calculate the greatest common divisor of 8084 and 98642.
86
Calculate the highest common factor of 1727379 and 135.
27
What is the greatest common divisor of 2232 and 4456467?
279
What is the highest common divisor of 97154 and 25978?
62
What is the highest common divisor of 105093721 and 67?
67
Calculate the highest common factor of 15599116 and 260.
52
What is the highest common divisor of 944 and 1480900?
236
Calculate the greatest common factor of 8045664 and 138.
6
Calculate the greatest common factor of 33763 and 111131.
19
What is the greatest common divisor of 3269270820 and 5340?
5340
What is the highest common factor of 1148 and 23654540?
1148
Calculate the highest common factor of 793243 and 4477.
407
What is the highest common factor of 207 and 47895453?
207
What is the greatest common divisor of 19005960 and 120?
120
What is the greatest common divisor of 4116 and 187476?
12
What is the greatest common factor of 20903324 and 1924?
52
Calculate the greatest common divisor of 20930 and 68705.
455
What is the greatest common divisor of 10215 and 93138327?
2043
What is the greatest common factor of 2726641 and 111?
37
Calculate the highest common divisor of 7215 and 2554890.
195
Calculate the greatest common divisor of 259 and 406267141.
259
What is the highest common divisor of 276 and 25090976?
92
Calculate the greatest common divisor of 159 and 39470319.
159
Calculate the highest common factor of 1809 and 1082511.
27
Calculate the greatest common factor of 102639520 and 16.
16
Calculate the greatest common factor of 162 and 23336442.
18
What is the highest common factor of 796435 and 630?
5
Calculate the greatest common divisor of 134343 and 3956304.
1947
Calculate the greatest common factor of 332252600 and 3776.
472
Calculate the highest common factor of 1757659 and 47.
47
Calculate the highest common factor of 4993628 and 12.
4
Calculate the greatest common factor of 1179819 and 15984.
999
What is the highest common divisor of 4858986 and 376986?
498
Calculate the greatest common divisor of 708310391 and 53.
53
What is the highest common divisor of 394 and 1024597?
197
What is the highest common factor of 410 and 88357870?
410
What is the highest common factor of 19184149 and 86?
43
Calculate the highest common factor of 11865762 and 6494.
34
Calculate the greatest common divisor of 74955 and 23263665.
3945
Calculate the highest common factor of 12016648 and 14042.
826
What is the highest common divisor of 314656 and 13?
1
What is the greatest common factor of 11777655 and 555?
555
Calculate the highest common factor of 80 and 417276240.
80
Calculate the greatest common factor of 15069277 and 5823.
647
What is the greatest common divisor of 2012 and 128976?
4
What is the highest common divisor of 352 and 62931088?
176
What is the greatest common factor of 70670168 and 8?
8
Calculate the highest common divisor of 1340537 and 264.
11
Calculate the highest common factor of 851 and 831335092.
851
Calculate the highest common factor of 5321515 and 17270.
785
Calculate the highest common divisor of 92599570 and 210.
70
Calculate the highest common factor of 306905822 and 68939.
5303
What is the highest common factor of 353819144 and 712?
712
Calculate the highest common factor of 695 and 99805.
5
What is the greatest common divisor of 382785 and 5594745?
2535
Calculate the highest common divisor of 4034812 and 1843.
97
Calculate the highest common divisor of 30 and 383510.
10
Calculate the greatest common divisor of 25200 and 45240.
120
Calculate the greatest common factor of 335665226 and 130.
26
What is the highest common divisor of 968 and 12346378?
22
What is the highest common factor of 1199 and 12297380?
109
What is the greatest common factor of 777728 and 37376?
512
Calculate the highest common divisor of 46712675 and 142.
71
Calculate the highest common factor of 165896 and 117569.
89
Calculate the greatest common divisor of 74992 and 1022024.
344
What is the highest common factor of 113951113 and 1007?
1007
Calculate the highest common factor of 200 and 14620925.
25
Calculate the greatest common factor of 5292 and 11606532.
588
What is the highest common divisor of 1482558 and 5489?
11
Calculate the highest common factor of 3704313144 and 267.
267
What is the greatest common factor of 28564 and 139153?
193
Calculate the greatest common divisor of 100 and 2810820.
20
What is the highest common divisor of 142581230 and 23848?
5962
What is the greatest common factor of 11 and 195645802?
11
Calculate the highest common divisor of 45008843 and 374.
187
What is the greatest common factor of 63290549 and 322?
161
Calculate the greatest common factor of 1 and 3039727.
1
Calculate the highest common factor of 2302225 and 6800.
425
Calculate the highest common divisor of 154 and 642572.
14
What is the greatest common factor of 2177195667 and 1047?
1047
Calculate the highest common factor of 1099 and 133007.
7
What is the greatest common divisor of 71733225 and 192975?
2325
What is the greatest common factor of 665033 and 15947?
431
Calculate the greatest common divisor of 430226 and 14743700.
4834
What is the highest common factor of 67038960 and 720?
240
What is the greatest common divisor of 15680031 and 345921?
5163
What is the greatest common factor of 298490291 and 41?
41
What is the greatest common factor of 451920 and 3765?
15
Calculate the highest common divisor of 9097255 and 3573.
397
Calculate the highest common divisor of 28132737 and 1312005.
5583
Calculate the greatest common divisor of 3304 and 55096.
8
Calculate the greatest common divisor of 50 and 36629320.
10
What is the highest common divisor of 11363 and 1430?
11
Calculate the highest common factor of 2250759 and 1007.
19
What is the highest common divisor of 606672 and 912